CRAN Package Check Results for Package languageR

Last updated on 2025-01-19 05:49:11 CET.

Flavor Version Tinstall Tcheck Ttotal Status Flags
r-devel-linux-x86_64-debian-clang 1.5.0 5.91 56.40 62.31 NOTE
r-devel-linux-x86_64-debian-gcc 1.5.0 4.51 37.86 42.37 NOTE
r-devel-linux-x86_64-fedora-clang 1.5.0 105.56 OK
r-devel-linux-x86_64-fedora-gcc 1.5.0 97.88 OK
r-devel-windows-x86_64 1.5.0 10.00 110.00 120.00 NOTE
r-patched-linux-x86_64 1.5.0 9.24 51.15 60.39 OK
r-release-linux-x86_64 1.5.0 6.37 51.40 57.77 OK
r-release-macos-arm64 1.5.0 30.00 OK
r-release-macos-x86_64 1.5.0 47.00 OK
r-release-windows-x86_64 1.5.0 11.00 109.00 120.00 OK
r-oldrel-macos-arm64 1.5.0 31.00 OK
r-oldrel-macos-x86_64 1.5.0 50.00 OK
r-oldrel-windows-x86_64 1.5.0 12.00 124.00 136.00 OK

Check Details

Version: 1.5.0
Check: Rd cross-references
Result: NOTE Found the following Rd file(s) with Rd \link{} targets missing package anchors: xylowess.fnc.Rd: xyplot Please provide package anchors for all Rd \link{} targets not in the package itself and the base packages. Flavors: r-devel-linux-x86_64-debian-clang, r-devel-linux-x86_64-debian-gcc, r-devel-windows-x86_64