CRAN Package Check Results for Package lar

Last updated on 2021-01-26 12:50:33 CET.

Flavor Version Tinstall Tcheck Ttotal Status Flags
r-devel-linux-x86_64-debian-clang 0.1-2 10.53 103.82 114.35 OK
r-devel-linux-x86_64-debian-gcc 0.1-2 9.40 78.12 87.52 OK
r-devel-linux-x86_64-fedora-clang 0.1-2 141.66 NOTE
r-devel-linux-x86_64-fedora-gcc 0.1-2 130.39 NOTE
r-devel-windows-ix86+x86_64 0.1-2 27.00 110.00 137.00 OK
r-patched-linux-x86_64 0.1-2 11.05 96.17 107.22 OK
r-patched-solaris-x86 0.1-2 152.60 NOTE
r-release-linux-x86_64 0.1-2 9.75 99.50 109.25 OK
r-release-macos-x86_64 0.1-2 NOTE
r-release-windows-ix86+x86_64 0.1-2 24.00 89.00 113.00 OK
r-oldrel-macos-x86_64 0.1-2 NOTE
r-oldrel-windows-ix86+x86_64 0.1-2 17.00 99.00 116.00 OK

Check Details

Version: 0.1-2
Check: data for non-ASCII characters
Result: NOTE
     Note: found 6 marked UTF-8 strings
Flavors: r-devel-linux-x86_64-fedora-clang, r-devel-linux-x86_64-fedora-gcc, r-patched-solaris-x86, r-release-macos-x86_64, r-oldrel-macos-x86_64