Last updated on 2025-01-19 05:49:11 CET.
Flavor | Version | Tinstall | Tcheck | Ttotal | Status | Flags |
---|---|---|---|---|---|---|
r-devel-linux-x86_64-debian-clang | 0.0.3 | 6.26 | 44.76 | 51.02 | OK | |
r-devel-linux-x86_64-debian-gcc | 0.0.3 | 3.99 | 33.05 | 37.04 | OK | |
r-devel-linux-x86_64-fedora-clang | 0.0.3 | 79.50 | OK | |||
r-devel-linux-x86_64-fedora-gcc | 0.0.3 | 72.62 | OK | |||
r-devel-windows-x86_64 | 0.0.3 | 7.00 | 62.00 | 69.00 | OK | |
r-patched-linux-x86_64 | 0.0.3 | 5.00 | 40.01 | 45.01 | NOTE | |
r-release-linux-x86_64 | 0.0.3 | 4.90 | 40.15 | 45.05 | NOTE | |
r-release-macos-arm64 | 0.0.3 | 27.00 | OK | |||
r-release-macos-x86_64 | 0.0.3 | 40.00 | OK | |||
r-release-windows-x86_64 | 0.0.3 | 11.00 | 62.00 | 73.00 | OK | |
r-oldrel-macos-arm64 | 0.0.3 | 25.00 | OK | |||
r-oldrel-macos-x86_64 | 0.0.3 | 50.00 | OK | |||
r-oldrel-windows-x86_64 | 0.0.3 | 9.00 | 68.00 | 77.00 | OK |
Version: 0.0.3
Check: package dependencies
Result: NOTE
Package suggested but not available for checking: ‘h2o’
Flavors: r-patched-linux-x86_64, r-release-linux-x86_64