CRAN Package Check Results for Package latentgraph

Last updated on 2025-01-19 05:49:11 CET.

Flavor Version Tinstall Tcheck Ttotal Status Flags
r-devel-linux-x86_64-debian-clang 1.1 24.23 62.89 87.12 NOTE
r-devel-linux-x86_64-debian-gcc 1.1 15.83 44.82 60.65 NOTE
r-devel-linux-x86_64-fedora-clang 1.1 148.08 NOTE
r-devel-linux-x86_64-fedora-gcc 1.1 141.46 NOTE
r-devel-windows-x86_64 1.1 26.00 90.00 116.00 NOTE
r-patched-linux-x86_64 1.1 23.09 60.11 83.20 NOTE
r-release-linux-x86_64 1.1 23.24 59.43 82.67 NOTE
r-release-macos-arm64 1.1 40.00 NOTE
r-release-macos-x86_64 1.1 62.00 NOTE
r-release-windows-x86_64 1.1 27.00 93.00 120.00 NOTE
r-oldrel-macos-arm64 1.1 47.00 NOTE
r-oldrel-macos-x86_64 1.1 73.00 NOTE
r-oldrel-windows-x86_64 1.1 31.00 115.00 146.00 NOTE

Check Details

Version: 1.1
Check: C++ specification
Result: NOTE Specified C++11: please drop specification unless essential Flavors: r-devel-linux-x86_64-debian-clang, r-devel-linux-x86_64-debian-gcc, r-devel-linux-x86_64-fedora-clang, r-devel-linux-x86_64-fedora-gcc, r-devel-windows-x86_64, r-patched-linux-x86_64, r-release-linux-x86_64, r-release-macos-arm64, r-release-macos-x86_64, r-release-windows-x86_64, r-oldrel-macos-arm64, r-oldrel-macos-x86_64, r-oldrel-windows-x86_64