CRAN Package Check Results for Package latticeExtra

Last updated on 2020-10-31 11:50:43 CET.

Flavor Version Tinstall Tcheck Ttotal Status Flags
r-devel-linux-x86_64-debian-clang 0.6-29 8.57 83.70 92.27 OK
r-devel-linux-x86_64-debian-gcc 0.6-29 6.21 62.19 68.40 OK
r-devel-linux-x86_64-fedora-clang 0.6-29 120.95 NOTE
r-devel-linux-x86_64-fedora-gcc 0.6-29 109.57 OK
r-devel-windows-ix86+x86_64 0.6-29 13.00 110.00 123.00 OK
r-patched-linux-x86_64 0.6-29 8.41 77.28 85.69 OK
r-patched-solaris-x86 0.6-29 138.80 OK
r-release-linux-x86_64 0.6-29 7.12 77.72 84.84 OK
r-release-macos-x86_64 0.6-29 OK
r-release-windows-ix86+x86_64 0.6-29 12.00 108.00 120.00 OK
r-oldrel-macos-x86_64 0.6-29 OK
r-oldrel-windows-ix86+x86_64 0.6-29 12.00 84.00 96.00 OK

Check Details

Version: 0.6-29
Check: Rd cross-references
Result: NOTE
    Undeclared package ‘ggplot2’ in Rd xrefs
Flavor: r-devel-linux-x86_64-fedora-clang