CRAN Package Check Results for Package lazyData

Last updated on 2025-01-19 05:49:11 CET.

Flavor Version Tinstall Tcheck Ttotal Status Flags
r-devel-linux-x86_64-debian-clang 1.1.0 1.58 17.46 19.04 NOTE
r-devel-linux-x86_64-debian-gcc 1.1.0 1.34 14.25 15.59 NOTE
r-devel-linux-x86_64-fedora-clang 1.1.0 31.35 OK
r-devel-linux-x86_64-fedora-gcc 1.1.0 30.40 OK
r-devel-windows-x86_64 1.1.0 3.00 40.00 43.00 OK
r-patched-linux-x86_64 1.1.0 1.65 16.68 18.33 NOTE
r-release-linux-x86_64 1.1.0 1.35 16.86 18.21 NOTE
r-release-macos-arm64 1.1.0 14.00 OK
r-release-macos-x86_64 1.1.0 19.00 OK
r-release-windows-x86_64 1.1.0 2.00 40.00 42.00 OK
r-oldrel-macos-arm64 1.1.0 15.00 OK
r-oldrel-macos-x86_64 1.1.0 19.00 OK
r-oldrel-windows-x86_64 1.1.0 2.00 40.00 42.00 OK

Check Details

Version: 1.1.0
Check: R code for possible problems
Result: NOTE Found the following calls to attach(): File ‘lazyData/R/requireData.R’: attach(NULL, pos = pos, name = searchDataName) See section ‘Good practice’ in ‘?attach’. Flavors: r-devel-linux-x86_64-debian-clang, r-devel-linux-x86_64-debian-gcc, r-patched-linux-x86_64, r-release-linux-x86_64