Last updated on 2025-01-19 05:49:11 CET.
Flavor | Version | Tinstall | Tcheck | Ttotal | Status | Flags |
---|---|---|---|---|---|---|
r-devel-linux-x86_64-debian-clang | 0.5.4 | 0.72 | 1.70 | 2.42 | ERROR | |
r-devel-linux-x86_64-debian-gcc | 0.5.4 | 3.75 | 39.15 | 42.90 | OK | |
r-devel-linux-x86_64-fedora-clang | 0.5.4 | 99.01 | OK | |||
r-devel-linux-x86_64-fedora-gcc | 0.5.4 | 86.69 | OK | |||
r-devel-windows-x86_64 | 0.5.4 | 9.00 | 83.00 | 92.00 | OK | |
r-patched-linux-x86_64 | 0.5.4 | 0.72 | 1.74 | 2.46 | ERROR | |
r-release-linux-x86_64 | 0.5.4 | 0.58 | 1.61 | 2.19 | ERROR | |
r-release-macos-arm64 | 0.5.4 | 31.00 | OK | |||
r-release-macos-x86_64 | 0.5.4 | 64.00 | OK | |||
r-release-windows-x86_64 | 0.5.4 | 8.00 | 87.00 | 95.00 | OK | |
r-oldrel-macos-arm64 | 0.5.4 | 37.00 | OK | |||
r-oldrel-macos-x86_64 | 0.5.4 | 60.00 | OK | |||
r-oldrel-windows-x86_64 | 0.5.4 | 11.00 | 93.00 | 104.00 | OK |
Version: 0.5.4
Check: package dependencies
Result: ERROR
Package required but not available: ‘h2o’
See section ‘The DESCRIPTION file’ in the ‘Writing R Extensions’
manual.
Flavors: r-devel-linux-x86_64-debian-clang, r-patched-linux-x86_64, r-release-linux-x86_64