CRAN Package Check Results for Package ldatuning

Last updated on 2025-01-19 05:49:11 CET.

Flavor Version Tinstall Tcheck Ttotal Status Flags
r-devel-linux-x86_64-debian-clang 1.0.2 5.84 58.90 64.74 NOTE
r-devel-linux-x86_64-debian-gcc 1.0.2 4.17 42.31 46.48 NOTE
r-devel-linux-x86_64-fedora-clang 1.0.2 103.99 OK
r-devel-linux-x86_64-fedora-gcc 1.0.2 110.62 OK
r-devel-windows-x86_64 1.0.2 9.00 79.00 88.00 NOTE
r-patched-linux-x86_64 1.0.2 10.02 53.25 63.27 NOTE
r-release-linux-x86_64 1.0.2 5.18 53.51 58.69 NOTE
r-release-macos-arm64 1.0.2 40.00 NOTE
r-release-macos-x86_64 1.0.2 60.00 NOTE
r-release-windows-x86_64 1.0.2 7.00 80.00 87.00 NOTE
r-oldrel-macos-arm64 1.0.2 44.00 NOTE
r-oldrel-macos-x86_64 1.0.2 64.00 NOTE
r-oldrel-windows-x86_64 1.0.2 8.00 89.00 97.00 NOTE

Check Details

Version: 1.0.2
Check: Rd cross-references
Result: NOTE Found the following Rd file(s) with Rd \link{} targets missing package anchors: FindTopicsNumber.Rd: LDAcontrol-class Griffiths2004.Rd: LDAcontrol-class Please provide package anchors for all Rd \link{} targets not in the package itself and the base packages. Flavors: r-devel-linux-x86_64-debian-clang, r-devel-linux-x86_64-debian-gcc, r-devel-windows-x86_64

Version: 1.0.2
Check: LazyData
Result: NOTE 'LazyData' is specified without a 'data' directory Flavors: r-patched-linux-x86_64, r-release-linux-x86_64, r-release-macos-arm64, r-release-macos-x86_64, r-release-windows-x86_64, r-oldrel-macos-arm64, r-oldrel-macos-x86_64, r-oldrel-windows-x86_64