CRAN Package Check Results for Package ldsr

Last updated on 2025-01-19 05:49:11 CET.

Flavor Version Tinstall Tcheck Ttotal Status Flags
r-devel-linux-x86_64-debian-clang 0.0.2 30.09 61.81 91.90 NOTE
r-devel-linux-x86_64-debian-gcc 0.0.2 22.36 45.07 67.43 NOTE
r-devel-linux-x86_64-fedora-clang 0.0.2 161.45 NOTE
r-devel-linux-x86_64-fedora-gcc 0.0.2 174.84 NOTE
r-devel-windows-x86_64 0.0.2 35.00 94.00 129.00 NOTE
r-patched-linux-x86_64 0.0.2 31.80 56.99 88.79 NOTE
r-release-linux-x86_64 0.0.2 32.04 57.37 89.41 NOTE
r-release-macos-arm64 0.0.2 48.00 NOTE
r-release-macos-x86_64 0.0.2 102.00 NOTE
r-release-windows-x86_64 0.0.2 35.00 100.00 135.00 NOTE
r-oldrel-macos-arm64 0.0.2 54.00 NOTE
r-oldrel-macos-x86_64 0.0.2 85.00 NOTE
r-oldrel-windows-x86_64 0.0.2 39.00 113.00 152.00 NOTE

Check Details

Version: 0.0.2
Check: C++ specification
Result: NOTE Specified C++11: please drop specification unless essential Flavors: r-devel-linux-x86_64-debian-clang, r-devel-linux-x86_64-debian-gcc, r-devel-linux-x86_64-fedora-clang, r-devel-linux-x86_64-fedora-gcc, r-devel-windows-x86_64, r-patched-linux-x86_64, r-release-linux-x86_64, r-release-macos-arm64, r-release-macos-x86_64, r-release-windows-x86_64, r-oldrel-macos-arm64, r-oldrel-macos-x86_64, r-oldrel-windows-x86_64

Version: 0.0.2
Check: package subdirectories
Result: NOTE Problems with news in ‘NEWS.md’: No news entries found. Flavors: r-devel-linux-x86_64-debian-clang, r-devel-linux-x86_64-debian-gcc, r-devel-linux-x86_64-fedora-clang, r-devel-linux-x86_64-fedora-gcc, r-devel-windows-x86_64, r-patched-linux-x86_64, r-release-linux-x86_64, r-release-macos-arm64, r-release-macos-x86_64, r-release-windows-x86_64, r-oldrel-macos-arm64, r-oldrel-macos-x86_64, r-oldrel-windows-x86_64