CRAN Package Check Results for Package ldt

Last updated on 2025-01-19 05:49:11 CET.

Flavor Version Tinstall Tcheck Ttotal Status Flags
r-devel-linux-x86_64-debian-clang 0.5.3 339.48 75.98 415.46 OK
r-devel-linux-x86_64-debian-gcc 0.5.3 253.14 52.48 305.62 OK
r-devel-linux-x86_64-fedora-clang 0.5.3 864.77 OK
r-devel-linux-x86_64-fedora-gcc 0.5.3 923.80 OK
r-devel-windows-x86_64 0.5.3 381.00 149.00 530.00 OK
r-patched-linux-x86_64 0.5.3 353.73 70.16 423.89 OK
r-release-linux-x86_64 0.5.3 364.05 71.36 435.41 OK
r-release-macos-arm64 0.5.3 208.00 NOTE
r-release-macos-x86_64 0.5.3 244.00 NOTE
r-release-windows-x86_64 0.5.3 377.00 154.00 531.00 OK
r-oldrel-macos-arm64 0.5.3 274.00 NOTE
r-oldrel-macos-x86_64 0.5.3 199.00 NOTE
r-oldrel-windows-x86_64 0.5.3 418.00 173.00 591.00 OK

Check Details

Version: 0.5.3
Check: installed package size
Result: NOTE installed size is 26.2Mb sub-directories of 1Mb or more: libs 24.8Mb Flavors: r-release-macos-arm64, r-release-macos-x86_64, r-oldrel-macos-arm64, r-oldrel-macos-x86_64