CRAN Package Check Results for Package leabRa

Last updated on 2025-01-19 05:49:11 CET.

Flavor Version Tinstall Tcheck Ttotal Status Flags
r-devel-linux-x86_64-debian-clang 0.1.0 4.79 110.41 115.20 NOTE
r-devel-linux-x86_64-debian-gcc 0.1.0 3.68 73.09 76.77 NOTE
r-devel-linux-x86_64-fedora-clang 0.1.0 188.54 OK
r-devel-linux-x86_64-fedora-gcc 0.1.0 196.69 OK
r-devel-windows-x86_64 0.1.0 6.00 128.00 134.00 NOTE
r-patched-linux-x86_64 0.1.0 6.66 105.07 111.73 OK
r-release-linux-x86_64 0.1.0 3.62 106.51 110.13 OK
r-release-macos-arm64 0.1.0 55.00 OK
r-release-macos-x86_64 0.1.0 100.00 OK
r-release-windows-x86_64 0.1.0 6.00 132.00 138.00 OK
r-oldrel-macos-arm64 0.1.0 61.00 OK
r-oldrel-macos-x86_64 0.1.0 102.00 OK
r-oldrel-windows-x86_64 0.1.0 7.00 141.00 148.00 OK

Check Details

Version: 0.1.0
Check: Rd cross-references
Result: NOTE Found the following Rd file(s) with Rd \link{} targets missing package anchors: layer.Rd: R6Class leabRa.Rd: R6Class network.Rd: R6Class unit.Rd: R6Class Please provide package anchors for all Rd \link{} targets not in the package itself and the base packages. Flavors: r-devel-linux-x86_64-debian-clang, r-devel-linux-x86_64-debian-gcc, r-devel-windows-x86_64