CRAN Package Check Results for Package leafR

Last updated on 2025-01-19 05:49:11 CET.

Flavor Version Tinstall Tcheck Ttotal Status Flags
r-devel-linux-x86_64-debian-clang 0.3.5 27.22 249.16 276.38 NOTE
r-devel-linux-x86_64-debian-gcc 0.3.5 17.28 153.30 170.58 NOTE
r-devel-linux-x86_64-fedora-clang 0.3.5 446.85 NOTE
r-devel-linux-x86_64-fedora-gcc 0.3.5 409.75 NOTE
r-devel-windows-x86_64 0.3.5 25.00 192.00 217.00 NOTE
r-patched-linux-x86_64 0.3.5 26.08 230.56 256.64 NOTE
r-release-linux-x86_64 0.3.5 24.43 232.35 256.78 NOTE
r-release-macos-arm64 0.3.5 88.00 NOTE
r-release-macos-x86_64 0.3.5 156.00 NOTE
r-release-windows-x86_64 0.3.5 24.00 198.00 222.00 NOTE
r-oldrel-macos-arm64 0.3.5 109.00 NOTE
r-oldrel-macos-x86_64 0.3.5 193.00 NOTE
r-oldrel-windows-x86_64 0.3.5 28.00 256.00 284.00 NOTE

Check Details

Version: 0.3.5
Check: package subdirectories
Result: NOTE Problems with news in ‘NEWS.md’: Cannot extract version info from the following section titles: light.interception.voxels() - This function create the Fraction absorbed incident light light.interception.raster() - Create a raster of Fraction absorbed incident light light.incident.voxels() - This function create the Fraction incident light light.incident.raster() - Create a raster of the Fraction incident light Flavors: r-devel-linux-x86_64-debian-clang, r-devel-linux-x86_64-debian-gcc, r-devel-linux-x86_64-fedora-clang, r-devel-linux-x86_64-fedora-gcc, r-devel-windows-x86_64, r-patched-linux-x86_64, r-release-linux-x86_64, r-release-macos-arm64, r-release-macos-x86_64, r-release-windows-x86_64, r-oldrel-macos-arm64, r-oldrel-macos-x86_64, r-oldrel-windows-x86_64