Last updated on 2024-05-01 16:52:59 CEST.
Flavor | Version | Tinstall | Tcheck | Ttotal | Status | Flags |
---|---|---|---|---|---|---|
r-devel-linux-x86_64-debian-clang | 0.29.1 | 2.28 | 23.81 | 26.09 | OK | |
r-devel-linux-x86_64-debian-gcc | 0.29.1 | 1.93 | 18.59 | 20.52 | OK | |
r-devel-linux-x86_64-fedora-clang | 0.29.1 | 33.31 | NOTE | |||
r-devel-linux-x86_64-fedora-gcc | 0.29.1 | 31.32 | NOTE | |||
r-devel-windows-x86_64 | 0.29.1 | 3.00 | 41.00 | 44.00 | OK | |
r-patched-linux-x86_64 | 0.29.1 | 2.30 | 23.26 | 25.56 | OK | |
r-release-linux-x86_64 | 0.29.1 | 2.52 | 23.12 | 25.64 | OK | |
r-release-macos-arm64 | 0.29.1 | 15.00 | OK | |||
r-release-windows-x86_64 | 0.29.1 | 3.00 | 41.00 | 44.00 | OK | |
r-oldrel-macos-arm64 | 0.29.1 | 17.00 | OK | |||
r-oldrel-macos-x86_64 | 0.29.1 | 21.00 | OK | |||
r-oldrel-windows-x86_64 | 0.29.1 | 3.00 | 40.00 | 43.00 | OK |
Version: 0.29.1
Check: Rd cross-references
Result: NOTE
Undeclared package ‘pracma’ in Rd xrefs
Flavor: r-devel-linux-x86_64-fedora-clang
Version: 0.29.1
Check: data for non-ASCII characters
Result: NOTE
Note: found 78 marked UTF-8 strings
Flavors: r-devel-linux-x86_64-fedora-clang, r-devel-linux-x86_64-fedora-gcc