Last updated on 2025-01-19 05:49:11 CET.
Flavor | Version | Tinstall | Tcheck | Ttotal | Status | Flags |
---|---|---|---|---|---|---|
r-devel-linux-x86_64-debian-clang | 6.3.2 | 1207.29 | 202.29 | 1409.58 | OK | |
r-devel-linux-x86_64-debian-gcc | 6.3.2 | 556.26 | 136.35 | 692.61 | OK | |
r-devel-linux-x86_64-fedora-clang | 6.3.2 | 1516.77 | OK | |||
r-devel-linux-x86_64-fedora-gcc | 6.3.2 | 1873.26 | OK | |||
r-devel-windows-x86_64 | 6.3.2 | 666.00 | 279.00 | 945.00 | OK | |
r-patched-linux-x86_64 | 6.3.2 | 778.56 | 190.81 | 969.37 | OK | |
r-release-linux-x86_64 | 6.3.2 | 792.85 | 193.36 | 986.21 | OK | |
r-release-macos-arm64 | 6.3.2 | 458.00 | NOTE | |||
r-release-macos-x86_64 | 6.3.2 | 576.00 | NOTE | |||
r-release-windows-x86_64 | 6.3.2 | 679.00 | 287.00 | 966.00 | NOTE | |
r-oldrel-macos-arm64 | 6.3.2 | 438.00 | NOTE | |||
r-oldrel-macos-x86_64 | 6.3.2 | 562.00 | NOTE | |||
r-oldrel-windows-x86_64 | 6.3.2 | 846.00 | 325.00 | 1171.00 | NOTE |
Version: 6.3.2
Check: installed package size
Result: NOTE
installed size is 72.9Mb
sub-directories of 1Mb or more:
doc 2.5Mb
libs 68.5Mb
Flavors: r-release-macos-arm64, r-release-macos-x86_64, r-release-windows-x86_64, r-oldrel-macos-arm64, r-oldrel-macos-x86_64, r-oldrel-windows-x86_64