Last updated on 2025-01-19 05:49:11 CET.
Flavor | Version | Tinstall | Tcheck | Ttotal | Status | Flags |
---|---|---|---|---|---|---|
r-devel-linux-x86_64-debian-clang | 0.1.31 | 211.10 | 36.33 | 247.43 | OK | |
r-devel-linux-x86_64-debian-gcc | 0.1.31 | 160.82 | 28.76 | 189.58 | OK | |
r-devel-linux-x86_64-fedora-clang | 0.1.31 | 474.33 | OK | |||
r-devel-linux-x86_64-fedora-gcc | 0.1.31 | 486.25 | OK | |||
r-devel-windows-x86_64 | 0.1.31 | 367.00 | 93.00 | 460.00 | OK | |
r-patched-linux-x86_64 | 0.1.31 | 210.38 | 33.94 | 244.32 | OK | |
r-release-linux-x86_64 | 0.1.31 | 209.98 | 33.59 | 243.57 | OK | |
r-release-macos-arm64 | 0.1.31 | 126.00 | NOTE | |||
r-release-macos-x86_64 | 0.1.31 | 156.00 | NOTE | |||
r-release-windows-x86_64 | 0.1.31 | 370.00 | 94.00 | 464.00 | NOTE | |
r-oldrel-macos-arm64 | 0.1.31 | 128.00 | NOTE | |||
r-oldrel-macos-x86_64 | 0.1.31 | 148.00 | NOTE | |||
r-oldrel-windows-x86_64 | 0.1.31 | 384.00 | 118.00 | 502.00 | NOTE |
Version: 0.1.31
Check: installed package size
Result: NOTE
installed size is 16.1Mb
sub-directories of 1Mb or more:
libs 15.7Mb
Flavors: r-release-macos-arm64, r-release-macos-x86_64, r-release-windows-x86_64, r-oldrel-macos-arm64, r-oldrel-macos-x86_64, r-oldrel-windows-x86_64