Last updated on 2024-04-24 19:55:12 CEST.
Flavor | Version | Tinstall | Tcheck | Ttotal | Status | Flags |
---|---|---|---|---|---|---|
r-devel-linux-x86_64-debian-clang | 0.4.9 | 8.55 | 217.53 | 226.08 | NOTE | |
r-devel-linux-x86_64-debian-gcc | 0.4.9 | 7.74 | 160.16 | 167.90 | NOTE | |
r-devel-linux-x86_64-fedora-clang | 0.4.9 | 300.78 | NOTE | |||
r-devel-linux-x86_64-fedora-gcc | 0.4.9 | 298.60 | NOTE | |||
r-devel-windows-x86_64 | 0.4.9 | 13.00 | 165.00 | 178.00 | NOTE | |
r-patched-linux-x86_64 | 0.4.9 | 16.14 | 208.77 | 224.91 | NOTE | |
r-release-linux-x86_64 | 0.4.9 | 10.55 | 207.67 | 218.22 | OK | |
r-release-macos-arm64 | 0.4.9 | 88.00 | OK | |||
r-release-macos-x86_64 | 0.4.9 | 238.00 | OK | |||
r-release-windows-x86_64 | 0.4.9 | 11.00 | 162.00 | 173.00 | NOTE | |
r-oldrel-macos-arm64 | 0.4.9 | 110.00 | OK | |||
r-oldrel-macos-x86_64 | 0.4.9 | 177.00 | OK | |||
r-oldrel-windows-x86_64 | 0.4.9 | 15.00 | 203.00 | 218.00 | OK |
Version: 0.4.9
Check: HTML version of manual
Result: NOTE
Found the following HTML validation problems:
annotate_axis.html:91:1 (annotate_axis.Rd:54): Warning: trimming empty <h3>
Flavors: r-devel-linux-x86_64-debian-clang, r-devel-linux-x86_64-debian-gcc, r-devel-linux-x86_64-fedora-clang, r-devel-linux-x86_64-fedora-gcc, r-devel-windows-x86_64, r-patched-linux-x86_64, r-release-windows-x86_64