Last updated on 2025-01-19 05:49:11 CET.
Flavor | Version | Tinstall | Tcheck | Ttotal | Status | Flags |
---|---|---|---|---|---|---|
r-devel-linux-x86_64-debian-clang | 2.2.1 | 48.18 | 111.34 | 159.52 | OK | |
r-devel-linux-x86_64-debian-gcc | 2.2.1 | 36.46 | 77.45 | 113.91 | OK | |
r-devel-linux-x86_64-fedora-clang | 2.2.1 | 288.46 | OK | |||
r-devel-linux-x86_64-fedora-gcc | 2.2.1 | 295.37 | OK | |||
r-devel-windows-x86_64 | 2.2.1 | 54.00 | 151.00 | 205.00 | OK | |
r-patched-linux-x86_64 | 2.2.1 | 50.97 | 106.88 | 157.85 | OK | |
r-release-linux-x86_64 | 2.2.1 | 50.19 | 107.06 | 157.25 | OK | |
r-release-macos-arm64 | 2.2.1 | 74.00 | OK | |||
r-release-macos-x86_64 | 2.2.1 | 125.00 | OK | |||
r-release-windows-x86_64 | 2.2.1 | 55.00 | 160.00 | 215.00 | NOTE | |
r-oldrel-macos-arm64 | 2.2.1 | 75.00 | OK | |||
r-oldrel-macos-x86_64 | 2.2.1 | 123.00 | OK | |||
r-oldrel-windows-x86_64 | 2.2.1 | 61.00 | 179.00 | 240.00 | NOTE |
Version: 2.2.1
Check: package dependencies
Result: NOTE
Package suggested but not available for checking: 'doMC'
Flavors: r-release-windows-x86_64, r-oldrel-windows-x86_64