Last updated on 2025-01-19 05:49:11 CET.
Flavor | Version | Tinstall | Tcheck | Ttotal | Status | Flags |
---|---|---|---|---|---|---|
r-devel-linux-x86_64-debian-clang | 0.0.9 | 14.09 | 43.04 | 57.13 | OK | |
r-devel-linux-x86_64-debian-gcc | 0.0.9 | 7.27 | 31.85 | 39.12 | OK | |
r-devel-linux-x86_64-fedora-clang | 0.0.9 | 92.30 | OK | |||
r-devel-linux-x86_64-fedora-gcc | 0.0.9 | 82.93 | OK | |||
r-devel-windows-x86_64 | 0.0.9 | 14.00 | 73.00 | 87.00 | OK | |
r-patched-linux-x86_64 | 0.0.9 | 12.48 | 39.49 | 51.97 | OK | |
r-release-linux-x86_64 | 0.0.9 | 12.81 | 38.78 | 51.59 | OK | |
r-release-macos-arm64 | 0.0.9 | 29.00 | OK | |||
r-release-macos-x86_64 | 0.0.9 | 78.00 | OK | |||
r-release-windows-x86_64 | 0.0.9 | 12.00 | 73.00 | 85.00 | NOTE | |
r-oldrel-macos-arm64 | 0.0.9 | 32.00 | OK | |||
r-oldrel-macos-x86_64 | 0.0.9 | 57.00 | OK | |||
r-oldrel-windows-x86_64 | 0.0.9 | 16.00 | 82.00 | 98.00 | NOTE |
Version: 0.0.9
Check: package dependencies
Result: NOTE
Package suggested but not available for checking: 'rsyslog'
Flavors: r-release-windows-x86_64, r-oldrel-windows-x86_64