Last updated on 2025-01-19 05:49:11 CET.
Flavor | Version | Tinstall | Tcheck | Ttotal | Status | Flags |
---|---|---|---|---|---|---|
r-devel-linux-x86_64-debian-clang | 1.0.4 | 13.33 | 25.83 | 39.16 | OK | |
r-devel-linux-x86_64-debian-gcc | 1.0.4 | 10.69 | 20.94 | 31.63 | OK | |
r-devel-linux-x86_64-fedora-clang | 1.0.4 | 70.81 | OK | |||
r-devel-linux-x86_64-fedora-gcc | 1.0.4 | 70.90 | OK | |||
r-devel-windows-x86_64 | 1.0.4 | 21.00 | 71.00 | 92.00 | OK | |
r-patched-linux-x86_64 | 1.0.4 | 14.08 | 24.38 | 38.46 | OK | |
r-release-linux-x86_64 | 1.0.4 | 14.13 | 24.77 | 38.90 | OK | |
r-release-macos-arm64 | 1.0.4 | 26.00 | OK | |||
r-release-macos-x86_64 | 1.0.4 | 58.00 | NOTE | |||
r-release-windows-x86_64 | 1.0.4 | 21.00 | 76.00 | 97.00 | OK | |
r-oldrel-macos-arm64 | 1.0.4 | 30.00 | OK | |||
r-oldrel-macos-x86_64 | 1.0.4 | 57.00 | NOTE | |||
r-oldrel-windows-x86_64 | 1.0.4 | 23.00 | 83.00 | 106.00 | OK |
Version: 1.0.4
Check: installed package size
Result: NOTE
installed size is 5.1Mb
sub-directories of 1Mb or more:
libs 5.0Mb
Flavors: r-release-macos-x86_64, r-oldrel-macos-x86_64