CRAN Package Check Results for Package lime

Last updated on 2025-01-19 05:49:11 CET.

Flavor Version Tinstall Tcheck Ttotal Status Flags
r-devel-linux-x86_64-debian-clang 0.5.3 31.30 150.09 181.39 OK
r-devel-linux-x86_64-debian-gcc 0.5.3 22.08 104.05 126.13 OK
r-devel-linux-x86_64-fedora-clang 0.5.3 305.37 OK
r-devel-linux-x86_64-fedora-gcc 0.5.3 321.69 OK
r-devel-windows-x86_64 0.5.3 36.00 178.00 214.00 OK
r-patched-linux-x86_64 0.5.3 32.01 140.25 172.26 NOTE
r-release-linux-x86_64 0.5.3 30.34 141.34 171.68 NOTE
r-release-macos-arm64 0.5.3 86.00 OK
r-release-macos-x86_64 0.5.3 125.00 OK
r-release-windows-x86_64 0.5.3 37.00 178.00 215.00 OK
r-oldrel-macos-arm64 0.5.3 95.00 OK
r-oldrel-macos-x86_64 0.5.3 147.00 OK
r-oldrel-windows-x86_64 0.5.3 44.00 216.00 260.00 OK

Check Details

Version: 0.5.3
Check: package dependencies
Result: NOTE Package suggested but not available for checking: ‘h2o’ Flavors: r-patched-linux-x86_64, r-release-linux-x86_64