Last updated on 2025-01-19 05:49:11 CET.
Flavor | Version | Tinstall | Tcheck | Ttotal | Status | Flags |
---|---|---|---|---|---|---|
r-devel-linux-x86_64-debian-clang | 1.0.7 | 53.03 | 86.97 | 140.00 | OK | |
r-devel-linux-x86_64-debian-gcc | 1.0.7 | 41.10 | 60.72 | 101.82 | OK | |
r-devel-linux-x86_64-fedora-clang | 1.0.7 | 240.12 | OK | |||
r-devel-linux-x86_64-fedora-gcc | 1.0.7 | 254.77 | OK | |||
r-devel-windows-x86_64 | 1.0.7 | 60.00 | 117.00 | 177.00 | OK | |
r-patched-linux-x86_64 | 1.0.7 | 59.07 | 81.10 | 140.17 | OK | |
r-release-linux-x86_64 | 1.0.7 | 52.88 | 82.93 | 135.81 | OK | |
r-release-macos-arm64 | 1.0.7 | 66.00 | NOTE | |||
r-release-macos-x86_64 | 1.0.7 | 121.00 | NOTE | |||
r-release-windows-x86_64 | 1.0.7 | 58.00 | 117.00 | 175.00 | OK | |
r-oldrel-macos-arm64 | 1.0.7 | 72.00 | NOTE | |||
r-oldrel-macos-x86_64 | 1.0.7 | 154.00 | NOTE | |||
r-oldrel-windows-x86_64 | 1.0.7 | 65.00 | 144.00 | 209.00 | OK |
Version: 1.0.7
Check: installed package size
Result: NOTE
installed size is 5.1Mb
sub-directories of 1Mb or more:
libs 4.7Mb
Flavors: r-release-macos-arm64, r-release-macos-x86_64, r-oldrel-macos-arm64, r-oldrel-macos-x86_64