Last updated on 2025-01-19 05:49:11 CET.
Flavor | Version | Tinstall | Tcheck | Ttotal | Status | Flags |
---|---|---|---|---|---|---|
r-devel-linux-x86_64-debian-clang | 0.9-4 | 2.42 | 22.36 | 24.78 | NOTE | |
r-devel-linux-x86_64-debian-gcc | 0.9-4 | 2.23 | 17.88 | 20.11 | NOTE | |
r-devel-linux-x86_64-fedora-clang | 0.9-4 | 41.44 | NOTE | |||
r-devel-linux-x86_64-fedora-gcc | 0.9-4 | 39.70 | NOTE | |||
r-devel-windows-x86_64 | 0.9-4 | 4.00 | 45.00 | 49.00 | NOTE | |
r-patched-linux-x86_64 | 0.9-4 | 2.09 | 21.23 | 23.32 | NOTE | |
r-release-linux-x86_64 | 0.9-4 | 2.26 | 20.97 | 23.23 | NOTE | |
r-release-macos-arm64 | 0.9-4 | 15.00 | NOTE | |||
r-release-macos-x86_64 | 0.9-4 | 23.00 | NOTE | |||
r-release-windows-x86_64 | 0.9-4 | 3.00 | 44.00 | 47.00 | NOTE | |
r-oldrel-macos-arm64 | 0.9-4 | 19.00 | NOTE | |||
r-oldrel-macos-x86_64 | 0.9-4 | 22.00 | NOTE | |||
r-oldrel-windows-x86_64 | 0.9-4 | 5.00 | 48.00 | 53.00 | NOTE |
Version: 0.9-4
Check: Rd files
Result: NOTE
checkRd: (-1) solveLP.Rd:119: Escaped LaTeX specials: \&
Flavors: r-devel-linux-x86_64-debian-clang, r-devel-linux-x86_64-debian-gcc, r-devel-linux-x86_64-fedora-clang, r-devel-linux-x86_64-fedora-gcc, r-devel-windows-x86_64, r-patched-linux-x86_64, r-release-linux-x86_64, r-release-macos-arm64, r-release-macos-x86_64, r-release-windows-x86_64, r-oldrel-macos-arm64, r-oldrel-macos-x86_64, r-oldrel-windows-x86_64