CRAN Package Check Results for Package listdown

Last updated on 2025-01-19 05:49:11 CET.

Flavor Version Tinstall Tcheck Ttotal Status Flags
r-devel-linux-x86_64-debian-clang 0.5.7 5.28 54.48 59.76 NOTE
r-devel-linux-x86_64-debian-gcc 0.5.7 3.69 41.30 44.99 NOTE
r-devel-linux-x86_64-fedora-clang 0.5.7 98.58 NOTE
r-devel-linux-x86_64-fedora-gcc 0.5.7 106.75 NOTE
r-devel-windows-x86_64 0.5.7 7.00 83.00 90.00 NOTE
r-patched-linux-x86_64 0.5.7 4.29 51.50 55.79 NOTE
r-release-linux-x86_64 0.5.7 5.07 51.69 56.76 NOTE
r-release-macos-arm64 0.5.7 36.00 NOTE
r-release-macos-x86_64 0.5.7 58.00 NOTE
r-release-windows-x86_64 0.5.7 8.00 82.00 90.00 NOTE
r-oldrel-macos-arm64 0.5.7 40.00 OK
r-oldrel-macos-x86_64 0.5.7 56.00 OK
r-oldrel-windows-x86_64 0.5.7 8.00 83.00 91.00 OK

Check Details

Version: 0.5.7
Check: Rd files
Result: NOTE checkRd: (-1) ld_build_html_site.Rd:41: Lost braces 41 | directory specified by `rmd_dir`. Note that this is an {{rmarkdown}} | ^ checkRd: (-1) ld_create_doc.Rd:29: Lost braces 29 | directory specified by `rmd_dir`. Note that this is an {{rmarkdown}} | ^ Flavors: r-devel-linux-x86_64-debian-clang, r-devel-linux-x86_64-debian-gcc, r-devel-linux-x86_64-fedora-clang, r-devel-linux-x86_64-fedora-gcc, r-devel-windows-x86_64, r-patched-linux-x86_64, r-release-linux-x86_64, r-release-macos-arm64, r-release-macos-x86_64, r-release-windows-x86_64