Last updated on 2025-01-19 05:49:11 CET.
Flavor | Version | Tinstall | Tcheck | Ttotal | Status | Flags |
---|---|---|---|---|---|---|
r-devel-linux-x86_64-debian-clang | 1.0.0 | 21.35 | 135.17 | 156.52 | NOTE | |
r-devel-linux-x86_64-debian-gcc | 1.0.0 | 20.37 | 100.77 | 121.14 | NOTE | |
r-devel-linux-x86_64-fedora-clang | 1.0.0 | 256.69 | NOTE | |||
r-devel-linux-x86_64-fedora-gcc | 1.0.0 | 250.62 | NOTE | |||
r-devel-windows-x86_64 | 1.0.0 | 17.00 | 121.00 | 138.00 | NOTE | |
r-patched-linux-x86_64 | 1.0.0 | 17.51 | 125.78 | 143.29 | NOTE | |
r-release-linux-x86_64 | 1.0.0 | 23.48 | 127.12 | 150.60 | NOTE | |
r-release-macos-arm64 | 1.0.0 | 63.00 | NOTE | |||
r-release-macos-x86_64 | 1.0.0 | 118.00 | NOTE | |||
r-release-windows-x86_64 | 1.0.0 | 20.00 | 120.00 | 140.00 | NOTE | |
r-oldrel-macos-arm64 | 1.0.0 | 50.00 | NOTE | |||
r-oldrel-macos-x86_64 | 1.0.0 | 91.00 | NOTE | |||
r-oldrel-windows-x86_64 | 1.0.0 | 25.00 | 146.00 | 171.00 | NOTE |
Version: 1.0.0
Check: Rd files
Result: NOTE
checkRd: (-1) MHDI.Rd:23: Escaped LaTeX specials: \&
Flavors: r-devel-linux-x86_64-debian-clang, r-devel-linux-x86_64-debian-gcc, r-devel-linux-x86_64-fedora-clang, r-devel-linux-x86_64-fedora-gcc, r-devel-windows-x86_64, r-patched-linux-x86_64, r-release-linux-x86_64, r-release-macos-arm64, r-release-macos-x86_64, r-release-windows-x86_64, r-oldrel-macos-arm64, r-oldrel-macos-x86_64, r-oldrel-windows-x86_64