Last updated on 2024-04-17 13:57:33 CEST.
Flavor | Version | Tinstall | Tcheck | Ttotal | Status | Flags |
---|---|---|---|---|---|---|
r-devel-linux-x86_64-debian-clang | 1.0.0 | 34.54 | 171.55 | 206.09 | NOTE | |
r-devel-linux-x86_64-debian-gcc | 1.0.0 | 24.57 | 127.20 | 151.77 | NOTE | |
r-devel-linux-x86_64-fedora-clang | 1.0.0 | 262.71 | NOTE | |||
r-devel-linux-x86_64-fedora-gcc | 1.0.0 | 243.89 | NOTE | |||
r-prerel-macos-arm64 | 1.0.0 | 63.00 | NOTE | |||
r-prerel-windows-x86_64 | 1.0.0 | 20.00 | 119.00 | 139.00 | NOTE | |
r-patched-linux-x86_64 | 1.0.0 | 24.24 | 167.80 | 192.04 | NOTE | |
r-release-linux-x86_64 | 1.0.0 | 21.89 | 173.17 | 195.06 | NOTE | |
r-release-macos-arm64 | 1.0.0 | 50.00 | NOTE | |||
r-release-macos-x86_64 | 1.0.0 | 91.00 | NOTE | |||
r-release-windows-x86_64 | 1.0.0 | 26.00 | 150.00 | 176.00 | NOTE | |
r-oldrel-macos-arm64 | 1.0.0 | 53.00 | OK | |||
r-oldrel-windows-x86_64 | 1.0.0 | 26.00 | 146.00 | 172.00 | OK |
Version: 1.0.0
Check: Rd files
Result: NOTE
checkRd: (-1) MHDI.Rd:23: Escaped LaTeX specials: \&
Flavors: r-devel-linux-x86_64-debian-clang, r-devel-linux-x86_64-debian-gcc, r-devel-linux-x86_64-fedora-clang, r-devel-linux-x86_64-fedora-gcc, r-prerel-macos-arm64, r-prerel-windows-x86_64, r-patched-linux-x86_64, r-release-linux-x86_64, r-release-macos-arm64, r-release-macos-x86_64, r-release-windows-x86_64