Last updated on 2025-01-19 05:49:11 CET.
Flavor | Version | Tinstall | Tcheck | Ttotal | Status | Flags |
---|---|---|---|---|---|---|
r-devel-linux-x86_64-debian-clang | 1.1-36 | 74.56 | 465.99 | 540.55 | OK | |
r-devel-linux-x86_64-debian-gcc | 1.1-36 | 58.09 | 307.35 | 365.44 | OK | |
r-devel-linux-x86_64-fedora-clang | 1.1-36 | 665.60 | OK | |||
r-devel-linux-x86_64-fedora-gcc | 1.1-36 | 905.87 | OK | |||
r-devel-windows-x86_64 | 1.1-36 | 79.00 | 413.00 | 492.00 | OK | |
r-patched-linux-x86_64 | 1.1-36 | 80.95 | 436.12 | 517.07 | OK | |
r-release-linux-x86_64 | 1.1-36 | 75.93 | 440.07 | 516.00 | OK | |
r-release-macos-arm64 | 1.1-36 | 240.00 | NOTE | |||
r-release-macos-x86_64 | 1.1-36 | 541.00 | NOTE | |||
r-release-windows-x86_64 | 1.1-36 | 78.00 | 388.00 | 466.00 | NOTE | |
r-oldrel-macos-arm64 | 1.1-36 | 254.00 | NOTE | |||
r-oldrel-macos-x86_64 | 1.1-36 | 578.00 | NOTE | |||
r-oldrel-windows-x86_64 | 1.1-36 | 79.00 | 420.00 | 499.00 | NOTE |
Version: 1.1-36
Check: installed package size
Result: NOTE
installed size is 27.4Mb
sub-directories of 1Mb or more:
R 1.5Mb
doc 1.6Mb
libs 22.2Mb
testdata 1.3Mb
Flavors: r-release-macos-arm64, r-release-macos-x86_64, r-release-windows-x86_64, r-oldrel-macos-arm64, r-oldrel-macos-x86_64, r-oldrel-windows-x86_64