CRAN Package Check Results for Package lmfor

Last updated on 2025-01-19 05:49:11 CET.

Flavor Version Tinstall Tcheck Ttotal Status Flags
r-devel-linux-x86_64-debian-clang 1.6 10.66 99.24 109.90 NOTE
r-devel-linux-x86_64-debian-gcc 1.6 7.64 72.09 79.73 NOTE
r-devel-linux-x86_64-fedora-clang 1.6 195.01 OK
r-devel-linux-x86_64-fedora-gcc 1.6 175.68 OK
r-devel-windows-x86_64 1.6 11.00 119.00 130.00 NOTE
r-patched-linux-x86_64 1.6 11.29 92.78 104.07 OK
r-release-linux-x86_64 1.6 10.96 93.27 104.23 OK
r-release-macos-arm64 1.6 56.00 OK
r-release-macos-x86_64 1.6 74.00 OK
r-release-windows-x86_64 1.6 11.00 117.00 128.00 OK
r-oldrel-macos-arm64 1.6 61.00 OK
r-oldrel-macos-x86_64 1.6 79.00 OK
r-oldrel-windows-x86_64 1.6 16.00 140.00 156.00 OK

Check Details

Version: 1.6
Check: Rd cross-references
Result: NOTE Found the following Rd file(s) with Rd \link{} targets missing package anchors: fithd.Rd: nlme, lme, gls, gnls Please provide package anchors for all Rd \link{} targets not in the package itself and the base packages. Flavors: r-devel-linux-x86_64-debian-clang, r-devel-linux-x86_64-debian-gcc, r-devel-windows-x86_64