Last updated on 2024-03-28 14:48:33 CET.
Flavor | Version | Tinstall | Tcheck | Ttotal | Status | Flags |
---|---|---|---|---|---|---|
r-devel-linux-x86_64-debian-clang | 1.7.7 | 7.96 | 66.65 | 74.61 | NOTE | |
r-devel-linux-x86_64-debian-gcc | 1.7.7 | 5.59 | 50.77 | 56.36 | NOTE | |
r-devel-linux-x86_64-fedora-clang | 1.7.7 | 91.42 | NOTE | |||
r-devel-linux-x86_64-fedora-gcc | 1.7.7 | 91.93 | NOTE | |||
r-devel-windows-x86_64 | 1.7.7 | 11.00 | 78.00 | 89.00 | NOTE | |
r-patched-linux-x86_64 | 1.7.7 | 10.39 | 67.04 | 77.43 | NOTE | |
r-release-linux-x86_64 | 1.7.7 | 6.75 | 66.26 | 73.01 | OK | |
r-release-macos-arm64 | 1.7.7 | 43.00 | OK | |||
r-release-macos-x86_64 | 1.7.7 | 57.00 | OK | |||
r-release-windows-x86_64 | 1.7.7 | 12.00 | 89.00 | 101.00 | OK | |
r-oldrel-macos-arm64 | 1.7.7 | 37.00 | OK | |||
r-oldrel-windows-x86_64 | 1.7.7 | 12.00 | 97.00 | 109.00 | OK |
Version: 1.7.7
Check: Rd files
Result: NOTE
checkRd: (-1) Rvarlacf.Rd:104: Lost braces
104 | eqn{(2s+1)^{-2}} (this was the default in versions prior to
| ^
checkRd: (-1) Rvarlacf.Rd:104: Lost braces; missing escapes or markup?
104 | eqn{(2s+1)^{-2}} (this was the default in versions prior to
| ^
Flavors: r-devel-linux-x86_64-debian-clang, r-devel-linux-x86_64-debian-gcc, r-devel-linux-x86_64-fedora-clang, r-devel-linux-x86_64-fedora-gcc, r-devel-windows-x86_64, r-patched-linux-x86_64