CRAN Package Check Results for Package log4r

Last updated on 2025-01-19 05:49:12 CET.

Flavor Version Tinstall Tcheck Ttotal Status Flags
r-devel-linux-x86_64-debian-clang 0.4.4 2.79 37.31 40.10 OK
r-devel-linux-x86_64-debian-gcc 0.4.4 2.11 27.93 30.04 OK
r-devel-linux-x86_64-fedora-clang 0.4.4 65.74 OK
r-devel-linux-x86_64-fedora-gcc 0.4.4 85.85 OK
r-devel-windows-x86_64 0.4.4 7.00 72.00 79.00 OK
r-patched-linux-x86_64 0.4.4 2.77 35.29 38.06 OK
r-release-linux-x86_64 0.4.4 2.29 35.40 37.69 OK
r-release-macos-arm64 0.4.4 58.00 OK
r-release-macos-x86_64 0.4.4 108.00 OK
r-release-windows-x86_64 0.4.4 7.00 72.00 79.00 NOTE
r-oldrel-macos-arm64 0.4.4 70.00 OK
r-oldrel-macos-x86_64 0.4.4 105.00 OK
r-oldrel-windows-x86_64 0.4.4 7.00 75.00 82.00 NOTE

Check Details

Version: 0.4.4
Check: package dependencies
Result: NOTE Package suggested but not available for checking: 'rsyslog' Flavors: r-release-windows-x86_64, r-oldrel-windows-x86_64