CRAN Package Check Results for Package logger

Last updated on 2025-01-19 05:49:12 CET.

Flavor Version Tinstall Tcheck Ttotal Status Flags
r-devel-linux-x86_64-debian-clang 0.4.0 3.10 69.08 72.18 OK
r-devel-linux-x86_64-debian-gcc 0.4.0 2.24 51.38 53.62 OK
r-devel-linux-x86_64-fedora-clang 0.4.0 117.79 OK
r-devel-linux-x86_64-fedora-gcc 0.4.0 127.54 OK
r-devel-windows-x86_64 0.4.0 5.00 97.00 102.00 OK
r-patched-linux-x86_64 0.4.0 4.17 65.01 69.18 OK
r-release-linux-x86_64 0.4.0 2.57 66.50 69.07 OK
r-release-macos-arm64 0.4.0 70.00 OK
r-release-macos-x86_64 0.4.0 134.00 OK
r-release-windows-x86_64 0.4.0 6.00 100.00 106.00 NOTE
r-oldrel-macos-arm64 0.4.0 73.00 OK
r-oldrel-macos-x86_64 0.4.0 131.00 OK
r-oldrel-windows-x86_64 0.4.0 6.00 103.00 109.00 NOTE

Check Details

Version: 0.4.0
Check: package dependencies
Result: NOTE Package suggested but not available for checking: 'rsyslog' Flavors: r-release-windows-x86_64, r-oldrel-windows-x86_64