CRAN Package Check Results for Package longevity

Last updated on 2025-01-19 05:49:12 CET.

Flavor Version Tinstall Tcheck Ttotal Status Flags
r-devel-linux-x86_64-debian-clang 1.1.1 31.71 103.21 134.92 OK
r-devel-linux-x86_64-debian-gcc 1.1.1 21.46 72.79 94.25 OK
r-devel-linux-x86_64-fedora-clang 1.1.1 232.00 OK
r-devel-linux-x86_64-fedora-gcc 1.1.1 240.75 OK
r-devel-windows-x86_64 1.1.1 35.00 139.00 174.00 OK
r-patched-linux-x86_64 1.1.1 30.93 96.96 127.89 OK
r-release-linux-x86_64 1.1.1 28.86 97.41 126.27 OK
r-release-macos-arm64 1.1.1 85.00 NOTE
r-release-macos-x86_64 1.1.1 246.00 NOTE
r-release-windows-x86_64 1.1.1 34.00 144.00 178.00 OK
r-oldrel-macos-arm64 1.1.1 79.00 NOTE
r-oldrel-macos-x86_64 1.1.1 217.00 NOTE
r-oldrel-windows-x86_64 1.1.1 43.00 168.00 211.00 OK

Check Details

Version: 1.1.1
Check: installed package size
Result: NOTE installed size is 6.5Mb sub-directories of 1Mb or more: data 4.0Mb libs 1.8Mb Flavors: r-release-macos-arm64, r-release-macos-x86_64, r-oldrel-macos-arm64, r-oldrel-macos-x86_64