CRAN Package Check Results for Package lookupTable

Last updated on 2025-01-19 05:49:12 CET.

Flavor Version Tinstall Tcheck Ttotal Status Flags
r-devel-linux-x86_64-debian-clang 0.1 5.30 36.68 41.98 OK
r-devel-linux-x86_64-debian-gcc 0.1 3.63 25.81 29.44 OK
r-devel-linux-x86_64-fedora-clang 0.1 65.96 OK
r-devel-linux-x86_64-fedora-gcc 0.1 60.95 OK
r-devel-windows-x86_64 0.1 7.00 53.00 60.00 OK
r-patched-linux-x86_64 0.1 4.50 33.61 38.11 NOTE
r-release-linux-x86_64 0.1 4.71 33.51 38.22 NOTE
r-release-macos-arm64 0.1 25.00 NOTE
r-release-macos-x86_64 0.1 38.00 NOTE
r-release-windows-x86_64 0.1 6.00 53.00 59.00 NOTE
r-oldrel-macos-arm64 0.1 24.00 NOTE
r-oldrel-macos-x86_64 0.1 34.00 NOTE
r-oldrel-windows-x86_64 0.1 8.00 56.00 64.00 NOTE

Check Details

Version: 0.1
Check: LazyData
Result: NOTE 'LazyData' is specified without a 'data' directory Flavors: r-patched-linux-x86_64, r-release-linux-x86_64, r-release-macos-arm64, r-release-macos-x86_64, r-release-windows-x86_64, r-oldrel-macos-arm64, r-oldrel-macos-x86_64, r-oldrel-windows-x86_64