CRAN Package Check Results for Package lowmemtkmeans

Last updated on 2025-01-19 05:49:12 CET.

Flavor Version Tinstall Tcheck Ttotal Status Flags
r-devel-linux-x86_64-debian-clang 0.1.2 21.13 24.05 45.18 NOTE
r-devel-linux-x86_64-debian-gcc 0.1.2 15.66 19.06 34.72 NOTE
r-devel-linux-x86_64-fedora-clang 0.1.2 84.20 NOTE
r-devel-linux-x86_64-fedora-gcc 0.1.2 88.37 NOTE
r-devel-windows-x86_64 0.1.2 25.00 62.00 87.00 NOTE
r-patched-linux-x86_64 0.1.2 22.65 23.26 45.91 NOTE
r-release-linux-x86_64 0.1.2 23.88 23.00 46.88 NOTE
r-release-macos-arm64 0.1.2 26.00 NOTE
r-release-macos-x86_64 0.1.2 34.00 NOTE
r-release-windows-x86_64 0.1.2 24.00 63.00 87.00 NOTE
r-oldrel-macos-arm64 0.1.2 27.00 NOTE
r-oldrel-macos-x86_64 0.1.2 44.00 NOTE
r-oldrel-windows-x86_64 0.1.2 29.00 71.00 100.00 NOTE

Check Details

Version: 0.1.2
Check: C++ specification
Result: NOTE Specified C++11: please drop specification unless essential Flavors: r-devel-linux-x86_64-debian-clang, r-devel-linux-x86_64-debian-gcc, r-devel-linux-x86_64-fedora-clang, r-devel-linux-x86_64-fedora-gcc, r-devel-windows-x86_64, r-patched-linux-x86_64, r-release-linux-x86_64, r-release-macos-arm64, r-release-macos-x86_64, r-release-windows-x86_64, r-oldrel-macos-arm64, r-oldrel-macos-x86_64, r-oldrel-windows-x86_64

Version: 0.1.2
Check: compiled code
Result: NOTE File ‘lowmemtkmeans/libs/lowmemtkmeans.so’: Found no calls to: ‘R_registerRoutines’, ‘R_useDynamicSymbols’ It is good practice to register native routines and to disable symbol search. See ‘Writing portable packages’ in the ‘Writing R Extensions’ manual. Flavors: r-devel-linux-x86_64-fedora-clang, r-devel-linux-x86_64-fedora-gcc

Version: 0.1.2
Check: LazyData
Result: NOTE 'LazyData' is specified without a 'data' directory Flavors: r-patched-linux-x86_64, r-release-linux-x86_64, r-release-macos-arm64, r-release-macos-x86_64, r-release-windows-x86_64, r-oldrel-macos-arm64, r-oldrel-macos-x86_64, r-oldrel-windows-x86_64