CRAN Package Check Results for Package lpSolveAPI

Last updated on 2019-10-19 12:47:38 CEST.

Flavor Version Tinstall Tcheck Ttotal Status Flags
r-devel-linux-x86_64-debian-clang 5.5.2.0-17.4 33.78 26.27 60.05 OK
r-devel-linux-x86_64-debian-gcc 5.5.2.0-17.4 22.84 21.15 43.99 WARN
r-devel-linux-x86_64-fedora-clang 5.5.2.0-17.4 78.19 OK
r-devel-linux-x86_64-fedora-gcc 5.5.2.0-17.4 74.48 WARN
r-devel-windows-ix86+x86_64 5.5.2.0-17.4 211.00 53.00 264.00 WARN
r-patched-linux-x86_64 5.5.2.0-17.4 25.27 26.28 51.55 OK
r-patched-solaris-x86 5.5.2.0-17.4 106.10 OK
r-release-linux-x86_64 5.5.2.0-17.4 25.46 26.28 51.74 OK
r-release-windows-ix86+x86_64 5.5.2.0-17.4 105.00 54.00 159.00 OK
r-release-osx-x86_64 5.5.2.0-17.4 OK
r-oldrel-windows-ix86+x86_64 5.5.2.0-17.4 102.00 49.00 151.00 OK
r-oldrel-osx-x86_64 5.5.2.0-17.4 OK

Check Details

Version: 5.5.2.0-17.4
Check: whether package can be installed
Result: WARN
    Found the following significant warnings:
     ../../inst/include/lpkit.h:32:99: warning: right-hand operand of comma expression has no effect [-Wunused-value]
Flavors: r-devel-linux-x86_64-debian-gcc, r-devel-linux-x86_64-fedora-gcc, r-devel-windows-ix86+x86_64