CRAN Package Check Results for Package lpl

Last updated on 2025-01-19 05:49:12 CET.

Flavor Version Tinstall Tcheck Ttotal Status Flags
r-devel-linux-x86_64-debian-clang 0.11 6.60 57.41 64.01 NOTE
r-devel-linux-x86_64-debian-gcc 0.11 3.80 43.99 47.79 NOTE
r-devel-linux-x86_64-fedora-clang 0.11 103.92 OK
r-devel-linux-x86_64-fedora-gcc 0.11 99.98 OK
r-devel-windows-x86_64 0.11 7.00 70.00 77.00 NOTE
r-patched-linux-x86_64 0.11 6.66 54.13 60.79 OK
r-release-linux-x86_64 0.11 6.10 56.21 62.31 OK
r-release-macos-arm64 0.11 30.00 OK
r-release-macos-x86_64 0.11 45.00 OK
r-release-windows-x86_64 0.11 8.00 73.00 81.00 OK
r-oldrel-macos-arm64 0.11 32.00 OK
r-oldrel-macos-x86_64 0.11 56.00 OK
r-oldrel-windows-x86_64 0.11 10.00 82.00 92.00 OK

Check Details

Version: 0.11
Check: Rd cross-references
Result: NOTE Found the following Rd file(s) with Rd \link{} targets missing package anchors: lplb.Rd: coxph lple.Rd: coxph predict.lple.Rd: predict.coxph survfit.lple.Rd: survfit Please provide package anchors for all Rd \link{} targets not in the package itself and the base packages. Flavors: r-devel-linux-x86_64-debian-clang, r-devel-linux-x86_64-debian-gcc, r-devel-windows-x86_64