Last updated on 2025-01-19 05:49:12 CET.
Flavor | Version | Tinstall | Tcheck | Ttotal | Status | Flags |
---|---|---|---|---|---|---|
r-devel-linux-x86_64-debian-clang | 0.2.11 | 451.12 | 240.31 | 691.43 | OK | |
r-devel-linux-x86_64-debian-gcc | 0.2.12 | 260.60 | 154.00 | 414.60 | OK | |
r-devel-linux-x86_64-fedora-clang | 0.2.12 | 535.00 | OK | |||
r-devel-linux-x86_64-fedora-gcc | 0.2.12 | 673.58 | OK | |||
r-devel-windows-x86_64 | 0.2.12 | 185.00 | 422.00 | 607.00 | OK | |
r-patched-linux-x86_64 | 0.2.11 | 379.26 | 227.28 | 606.54 | OK | |
r-release-linux-x86_64 | 0.2.11 | 361.97 | 228.73 | 590.70 | OK | |
r-release-macos-arm64 | 0.2.11 | 276.00 | NOTE | |||
r-release-macos-x86_64 | 0.2.11 | 335.00 | NOTE | |||
r-release-windows-x86_64 | 0.2.11 | 262.00 | 357.00 | 619.00 | NOTE | |
r-oldrel-macos-arm64 | 0.2.11 | 262.00 | NOTE | |||
r-oldrel-macos-x86_64 | 0.2.11 | 331.00 | NOTE | |||
r-oldrel-windows-x86_64 | 0.2.12 | 217.00 | 378.00 | 595.00 | NOTE |
Version: 0.2.11
Check: installed package size
Result: NOTE
installed size is 92.5Mb
sub-directories of 1Mb or more:
libs 90.3Mb
Flavors: r-release-macos-arm64, r-release-macos-x86_64, r-release-windows-x86_64, r-oldrel-macos-arm64, r-oldrel-macos-x86_64
Version: 0.2.12
Check: installed package size
Result: NOTE
installed size is 6.7Mb
sub-directories of 1Mb or more:
libs 4.5Mb
Flavor: r-oldrel-windows-x86_64