CRAN Package Check Results for Package lsirm12pl

Last updated on 2025-01-19 05:49:12 CET.

Flavor Version Tinstall Tcheck Ttotal Status Flags
r-devel-linux-x86_64-debian-clang 1.3.3 143.71 283.12 426.83 OK
r-devel-linux-x86_64-debian-gcc 1.3.3 117.40 205.28 322.68 OK
r-devel-linux-x86_64-fedora-clang 1.3.3 770.06 OK
r-devel-linux-x86_64-fedora-gcc 1.3.3 878.46 OK
r-devel-windows-x86_64 1.3.3 126.00 362.00 488.00 OK
r-patched-linux-x86_64 1.3.3 153.27 267.43 420.70 OK
r-release-linux-x86_64 1.3.3 151.35 269.45 420.80 OK
r-release-macos-arm64 1.3.3 205.00 NOTE
r-release-macos-x86_64 1.3.3 509.00 NOTE
r-release-windows-x86_64 1.3.3 130.00 359.00 489.00 OK
r-oldrel-macos-arm64 1.3.3 192.00 NOTE
r-oldrel-macos-x86_64 1.3.3 410.00 NOTE
r-oldrel-windows-x86_64 1.3.3 173.00 433.00 606.00 OK

Check Details

Version: 1.3.3
Check: installed package size
Result: NOTE installed size is 10.6Mb sub-directories of 1Mb or more: libs 9.8Mb Flavors: r-release-macos-arm64, r-release-macos-x86_64, r-oldrel-macos-arm64, r-oldrel-macos-x86_64