CRAN Package Check Results for Package lss2

Last updated on 2025-01-19 05:49:12 CET.

Flavor Version Tinstall Tcheck Ttotal Status Flags
r-devel-linux-x86_64-debian-clang 1.1 7.34 63.05 70.39 OK
r-devel-linux-x86_64-debian-gcc 1.1 4.83 48.77 53.60 OK
r-devel-linux-x86_64-fedora-clang 1.1 109.86 OK
r-devel-linux-x86_64-fedora-gcc 1.1 109.34 OK
r-devel-windows-x86_64 1.1 9.00 81.00 90.00 OK
r-patched-linux-x86_64 1.1 6.52 59.38 65.90 NOTE
r-release-linux-x86_64 1.1 7.14 60.31 67.45 NOTE
r-release-macos-arm64 1.1 34.00 NOTE
r-release-macos-x86_64 1.1 57.00 NOTE
r-release-windows-x86_64 1.1 9.00 95.00 104.00 NOTE
r-oldrel-macos-arm64 1.1 39.00 NOTE
r-oldrel-macos-x86_64 1.1 63.00 NOTE
r-oldrel-windows-x86_64 1.1 9.00 87.00 96.00 NOTE

Check Details

Version: 1.1
Check: LazyData
Result: NOTE 'LazyData' is specified without a 'data' directory Flavors: r-patched-linux-x86_64, r-release-linux-x86_64, r-release-macos-arm64, r-release-macos-x86_64, r-release-windows-x86_64, r-oldrel-macos-arm64, r-oldrel-macos-x86_64, r-oldrel-windows-x86_64