CRAN Package Check Results for Package ltsspca

Last updated on 2025-01-19 05:49:12 CET.

Flavor Version Tinstall Tcheck Ttotal Status Flags
r-devel-linux-x86_64-debian-clang 0.1.0 59.49 135.18 194.67 NOTE
r-devel-linux-x86_64-debian-gcc 0.1.0 39.97 95.86 135.83 NOTE
r-devel-linux-x86_64-fedora-clang 0.1.0 346.02 NOTE
r-devel-linux-x86_64-fedora-gcc 0.1.0 359.83 NOTE
r-devel-windows-x86_64 0.1.0 64.00 184.00 248.00 NOTE
r-patched-linux-x86_64 0.1.0 60.71 128.25 188.96 NOTE
r-release-linux-x86_64 0.1.0 59.35 129.25 188.60 NOTE
r-release-macos-arm64 0.1.0 104.00 NOTE
r-release-macos-x86_64 0.1.0 141.00 NOTE
r-release-windows-x86_64 0.1.0 60.00 190.00 250.00 NOTE
r-oldrel-macos-arm64 0.1.0 113.00 NOTE
r-oldrel-macos-x86_64 0.1.0 189.00 NOTE
r-oldrel-windows-x86_64 0.1.0 64.00 208.00 272.00 NOTE

Check Details

Version: 0.1.0
Check: C++ specification
Result: NOTE Specified C++11: please drop specification unless essential Flavors: r-devel-linux-x86_64-debian-clang, r-devel-linux-x86_64-debian-gcc, r-devel-linux-x86_64-fedora-clang, r-devel-linux-x86_64-fedora-gcc, r-devel-windows-x86_64, r-patched-linux-x86_64, r-release-linux-x86_64, r-release-macos-arm64, r-release-macos-x86_64, r-release-windows-x86_64, r-oldrel-macos-arm64, r-oldrel-macos-x86_64, r-oldrel-windows-x86_64