CRAN Package Check Results for Package lvmcomp

Last updated on 2025-01-19 05:49:12 CET.

Flavor Version Tinstall Tcheck Ttotal Status Flags
r-devel-linux-x86_64-debian-clang 1.2 51.63 29.55 81.18 NOTE
r-devel-linux-x86_64-debian-gcc 1.2 37.65 22.41 60.06 NOTE
r-devel-linux-x86_64-fedora-clang 1.2 158.90 NOTE
r-devel-linux-x86_64-fedora-gcc 1.2 165.21 NOTE
r-devel-windows-x86_64 1.2 54.00 73.00 127.00 NOTE
r-patched-linux-x86_64 1.2 53.45 27.81 81.26 NOTE
r-release-linux-x86_64 1.2 53.78 27.70 81.48 NOTE
r-release-macos-arm64 1.2 38.00 NOTE
r-release-macos-x86_64 1.2 43.00 NOTE
r-release-windows-x86_64 1.2 55.00 80.00 135.00 NOTE
r-oldrel-macos-arm64 1.2 47.00 NOTE
r-oldrel-macos-x86_64 1.2 77.00 NOTE
r-oldrel-windows-x86_64 1.2 62.00 87.00 149.00 NOTE

Check Details

Version: 1.2
Check: C++ specification
Result: NOTE Specified C++11: please drop specification unless essential Flavors: r-devel-linux-x86_64-debian-clang, r-devel-linux-x86_64-debian-gcc, r-devel-linux-x86_64-fedora-clang, r-devel-linux-x86_64-fedora-gcc, r-devel-windows-x86_64, r-patched-linux-x86_64, r-release-linux-x86_64, r-release-macos-arm64, r-release-macos-x86_64, r-release-windows-x86_64, r-oldrel-macos-arm64, r-oldrel-macos-x86_64, r-oldrel-windows-x86_64

Version: 1.2
Check: Rd files
Result: NOTE checkRd: (-1) StEM_pcirt.Rd:11: Lost braces; missing escapes or markup? 11 | \item{response}{N by J matrix containing {0,1,...,M-1} responses, where N is the number of respondents and J is the number of items.} | ^ Flavors: r-devel-linux-x86_64-debian-clang, r-devel-linux-x86_64-debian-gcc, r-devel-linux-x86_64-fedora-clang, r-devel-linux-x86_64-fedora-gcc, r-devel-windows-x86_64, r-patched-linux-x86_64, r-release-linux-x86_64, r-release-macos-arm64, r-release-macos-x86_64, r-release-windows-x86_64