Last updated on 2025-01-19 05:49:12 CET.
Flavor | Version | Tinstall | Tcheck | Ttotal | Status | Flags |
---|---|---|---|---|---|---|
r-devel-linux-x86_64-debian-clang | 0.2-14 | 60.34 | 50.47 | 110.81 | OK | |
r-devel-linux-x86_64-debian-gcc | 0.2-14 | 55.01 | 37.64 | 92.65 | OK | |
r-devel-linux-x86_64-fedora-clang | 0.2-14 | 189.17 | OK | |||
r-devel-linux-x86_64-fedora-gcc | 0.2-14 | 223.27 | OK | |||
r-devel-windows-x86_64 | 0.2-14 | 101.00 | 223.00 | 324.00 | OK | |
r-patched-linux-x86_64 | 0.2-14 | 71.71 | 47.14 | 118.85 | OK | |
r-release-linux-x86_64 | 0.2-14 | 71.48 | 47.95 | 119.43 | OK | |
r-release-macos-arm64 | 0.2-14 | 59.00 | NOTE | |||
r-release-macos-x86_64 | 0.2-14 | 63.00 | NOTE | |||
r-release-windows-x86_64 | 0.2-14 | 98.00 | 243.00 | 341.00 | NOTE | |
r-oldrel-macos-arm64 | 0.2-14 | 69.00 | NOTE | |||
r-oldrel-macos-x86_64 | 0.2-14 | 105.00 | NOTE | |||
r-oldrel-windows-x86_64 | 0.2-14 | 108.00 | 273.00 | 381.00 | NOTE |
Version: 0.2-14
Check: installed package size
Result: NOTE
installed size is 24.4Mb
sub-directories of 1Mb or more:
libs 24.2Mb
Flavors: r-release-macos-arm64, r-release-macos-x86_64, r-release-windows-x86_64, r-oldrel-macos-arm64, r-oldrel-macos-x86_64, r-oldrel-windows-x86_64