Last updated on 2024-04-17 13:57:33 CEST.
Flavor | Version | Tinstall | Tcheck | Ttotal | Status | Flags |
---|---|---|---|---|---|---|
r-devel-linux-x86_64-debian-clang | 1.0 | 6.51 | 95.23 | 101.74 | NOTE | |
r-devel-linux-x86_64-debian-gcc | 1.0 | 5.68 | 72.78 | 78.46 | NOTE | |
r-devel-linux-x86_64-fedora-clang | 1.0 | 130.97 | NOTE | |||
r-devel-linux-x86_64-fedora-gcc | 1.0 | 136.25 | NOTE | |||
r-prerel-macos-arm64 | 1.0 | 46.00 | NOTE | |||
r-prerel-windows-x86_64 | 1.0 | 7.00 | 95.00 | 102.00 | NOTE | |
r-patched-linux-x86_64 | 1.0 | 10.07 | 94.13 | 104.20 | NOTE | |
r-release-linux-x86_64 | 1.0 | 4.49 | 90.13 | 94.62 | OK | |
r-release-macos-arm64 | 1.0 | 51.00 | OK | |||
r-release-macos-x86_64 | 1.0 | 74.00 | OK | |||
r-release-windows-x86_64 | 1.0 | 9.00 | 113.00 | 122.00 | OK | |
r-oldrel-macos-arm64 | 1.0 | 54.00 | NOTE | |||
r-oldrel-windows-x86_64 | 1.0 | 9.00 | 106.00 | 115.00 | OK |
Version: 1.0
Check: Rd files
Result: NOTE
checkRd: (-1) xytb-class.Rd:26: Lost braces; missing escapes or markup?
26 | v: \tab speed (m.s^{-1})\cr
| ^
Flavors: r-devel-linux-x86_64-debian-clang, r-devel-linux-x86_64-debian-gcc, r-devel-linux-x86_64-fedora-clang, r-devel-linux-x86_64-fedora-gcc, r-prerel-macos-arm64, r-prerel-windows-x86_64, r-patched-linux-x86_64
Version: 1.0
Check: dependencies in R code
Result: NOTE
Namespaces in Imports field not imported from:
‘e1071’ ‘utils’
All declared Imports should be used.
Flavors: r-devel-linux-x86_64-fedora-clang, r-devel-linux-x86_64-fedora-gcc, r-oldrel-macos-arm64