CRAN Package Check Results for Package mDAG

Last updated on 2025-01-19 05:49:14 CET.

Flavor Version Tinstall Tcheck Ttotal Status Flags
r-devel-linux-x86_64-debian-clang 1.2.2 36.64 142.69 179.33 NOTE
r-devel-linux-x86_64-debian-gcc 1.2.2 27.48 99.57 127.05 NOTE
r-devel-linux-x86_64-fedora-clang 1.2.2 294.11 NOTE
r-devel-linux-x86_64-fedora-gcc 1.2.2 287.53 NOTE
r-devel-windows-x86_64 1.2.2 40.00 158.00 198.00 NOTE
r-patched-linux-x86_64 1.2.2 38.64 129.80 168.44 NOTE
r-release-linux-x86_64 1.2.2 37.48 128.83 166.31 NOTE
r-release-macos-arm64 1.2.2 78.00 NOTE
r-release-macos-x86_64 1.2.2 113.00 NOTE
r-release-windows-x86_64 1.2.2 40.00 163.00 203.00 NOTE
r-oldrel-macos-arm64 1.2.2 75.00 NOTE
r-oldrel-macos-x86_64 1.2.2 128.00 NOTE
r-oldrel-windows-x86_64 1.2.2 53.00 186.00 239.00 NOTE

Check Details

Version: 1.2.2
Check: C++ specification
Result: NOTE Specified C++11: please drop specification unless essential Flavors: r-devel-linux-x86_64-debian-clang, r-devel-linux-x86_64-debian-gcc, r-devel-linux-x86_64-fedora-clang, r-devel-linux-x86_64-fedora-gcc, r-devel-windows-x86_64, r-patched-linux-x86_64, r-release-linux-x86_64, r-release-macos-arm64, r-release-macos-x86_64, r-release-windows-x86_64, r-oldrel-macos-arm64, r-oldrel-macos-x86_64, r-oldrel-windows-x86_64