CRAN Package Check Results for Package mMPA

Last updated on 2025-01-19 05:49:14 CET.

Flavor Version Tinstall Tcheck Ttotal Status Flags
r-devel-linux-x86_64-debian-clang 1.2.0 1.47 20.96 22.43 OK
r-devel-linux-x86_64-debian-gcc 1.2.0 1.39 16.96 18.35 OK
r-devel-linux-x86_64-fedora-clang 1.2.0 37.72 OK
r-devel-linux-x86_64-fedora-gcc 1.2.0 49.75 OK
r-devel-windows-x86_64 1.2.0 2.00 44.00 46.00 OK
r-patched-linux-x86_64 1.2.0 1.51 19.99 21.50 NOTE
r-release-linux-x86_64 1.2.0 1.51 20.48 21.99 NOTE
r-release-macos-arm64 1.2.0 22.00 NOTE
r-release-macos-x86_64 1.2.0 34.00 NOTE
r-release-windows-x86_64 1.2.0 3.00 46.00 49.00 NOTE
r-oldrel-macos-arm64 1.2.0 20.00 NOTE
r-oldrel-macos-x86_64 1.2.0 30.00 NOTE
r-oldrel-windows-x86_64 1.2.0 4.00 44.00 48.00 NOTE

Check Details

Version: 1.2.0
Check: LazyData
Result: NOTE 'LazyData' is specified without a 'data' directory Flavors: r-patched-linux-x86_64, r-release-linux-x86_64, r-release-macos-arm64, r-release-macos-x86_64, r-release-windows-x86_64, r-oldrel-macos-arm64, r-oldrel-macos-x86_64, r-oldrel-windows-x86_64