CRAN Package Check Results for Package mSigTools

Last updated on 2025-01-19 05:49:15 CET.

Flavor Version Tinstall Tcheck Ttotal Status Flags
r-devel-linux-x86_64-debian-clang 1.0.7 1.30 52.86 54.16 OK
r-devel-linux-x86_64-debian-gcc 1.0.7 1.61 35.86 37.47 OK
r-devel-linux-x86_64-fedora-clang 1.0.7 92.90 OK
r-devel-linux-x86_64-fedora-gcc 1.0.7 86.99 OK
r-devel-windows-x86_64 1.0.7 3.00 75.00 78.00 OK
r-patched-linux-x86_64 1.0.7 2.32 49.43 51.75 OK
r-release-linux-x86_64 1.0.7 2.06 50.50 52.56 OK
r-release-macos-arm64 1.0.7 27.00 OK
r-release-macos-x86_64 1.0.7 63.00 OK
r-release-windows-x86_64 1.0.7 4.00 74.00 78.00 OK
r-oldrel-macos-arm64 1.0.7 30.00 OK
r-oldrel-macos-x86_64 1.0.7 34.00 NOTE
r-oldrel-windows-x86_64 1.0.7 4.00 83.00 87.00 OK

Check Details

Version: 1.0.7
Check: package dependencies
Result: NOTE Package suggested but not available for checking: ‘ICAMS’ Flavor: r-oldrel-macos-x86_64