CRAN Package Check Results for Package macroBiome

Last updated on 2025-01-19 05:49:12 CET.

Flavor Version Tinstall Tcheck Ttotal Status Flags
r-devel-linux-x86_64-debian-clang 0.4.0 34.67 300.08 334.75 OK
r-devel-linux-x86_64-debian-gcc 0.4.0 24.34 188.12 212.46 OK
r-devel-linux-x86_64-fedora-clang 0.4.0 561.50 OK
r-devel-linux-x86_64-fedora-gcc 0.4.0 515.73 OK
r-devel-windows-x86_64 0.4.0 36.00 249.00 285.00 OK
r-patched-linux-x86_64 0.4.0 34.68 283.96 318.64 NOTE
r-release-linux-x86_64 0.4.0 34.56 284.35 318.91 NOTE
r-release-macos-arm64 0.4.0 111.00 NOTE
r-release-macos-x86_64 0.4.0 210.00 NOTE
r-release-windows-x86_64 0.4.0 36.00 250.00 286.00 NOTE
r-oldrel-macos-arm64 0.4.0 115.00 NOTE
r-oldrel-macos-x86_64 0.4.0 282.00 NOTE
r-oldrel-windows-x86_64 0.4.0 44.00 322.00 366.00 NOTE

Check Details

Version: 0.4.0
Check: package dependencies
Result: NOTE Package suggested but not available for checking: ‘rnaturalearthhires’ Flavors: r-patched-linux-x86_64, r-release-linux-x86_64, r-release-macos-arm64, r-release-macos-x86_64, r-release-windows-x86_64, r-oldrel-macos-arm64, r-oldrel-macos-x86_64, r-oldrel-windows-x86_64