CRAN Package Check Results for Package maczic

Last updated on 2025-01-19 05:49:12 CET.

Flavor Version Tinstall Tcheck Ttotal Status Flags
r-devel-linux-x86_64-debian-clang 1.0.0 22.51 139.40 161.91 NOTE
r-devel-linux-x86_64-debian-gcc 1.0.0 13.52 97.67 111.19 NOTE
r-devel-linux-x86_64-fedora-clang 1.0.0 260.52 OK
r-devel-linux-x86_64-fedora-gcc 1.0.0 232.72 OK
r-devel-windows-x86_64 1.0.0 20.00 134.00 154.00 NOTE
r-patched-linux-x86_64 1.0.0 21.68 128.67 150.35 OK
r-release-linux-x86_64 1.0.0 13.62 129.99 143.61 OK
r-release-macos-arm64 1.0.0 63.00 OK
r-release-macos-x86_64 1.0.0 118.00 OK
r-release-windows-x86_64 1.0.0 19.00 136.00 155.00 OK
r-oldrel-macos-arm64 1.0.0 84.00 OK
r-oldrel-macos-x86_64 1.0.0 149.00 OK
r-oldrel-windows-x86_64 1.0.0 27.00 164.00 191.00 OK

Check Details

Version: 1.0.0
Check: Rd cross-references
Result: NOTE Found the following Rd file(s) with Rd \link{} targets missing package anchors: mediate_iv.Rd: el.test, BBoptim, spg mediate_zi.Rd: survreg, Surv, mgcv, s, summary.mediate, plot.mediate mediate_zi_vcoef.Rd: summary.mediate, plot.mediate Please provide package anchors for all Rd \link{} targets not in the package itself and the base packages. Flavors: r-devel-linux-x86_64-debian-clang, r-devel-linux-x86_64-debian-gcc, r-devel-windows-x86_64