Last updated on 2025-01-19 05:49:12 CET.
Flavor | Version | Tinstall | Tcheck | Ttotal | Status | Flags |
---|---|---|---|---|---|---|
r-devel-linux-x86_64-debian-clang | 0.2.8 | 17.09 | 100.83 | 117.92 | OK | |
r-devel-linux-x86_64-debian-gcc | 0.2.8 | 10.23 | 75.87 | 86.10 | OK | |
r-devel-linux-x86_64-fedora-clang | 0.2.8 | 193.03 | OK | |||
r-devel-linux-x86_64-fedora-gcc | 0.2.8 | 197.71 | OK | |||
r-devel-windows-x86_64 | 0.2.8 | 17.00 | 139.00 | 156.00 | OK | |
r-patched-linux-x86_64 | 0.2.8 | 17.60 | 95.23 | 112.83 | OK | |
r-release-linux-x86_64 | 0.2.8 | 17.36 | 96.47 | 113.83 | OK | |
r-release-macos-arm64 | 0.2.8 | 66.00 | OK | |||
r-release-macos-x86_64 | 0.2.8 | 104.00 | WARN | |||
r-release-windows-x86_64 | 0.2.8 | 17.00 | 145.00 | 162.00 | OK | |
r-oldrel-macos-arm64 | 0.2.8 | 73.00 | OK | |||
r-oldrel-macos-x86_64 | 0.2.8 | 170.00 | OK | |||
r-oldrel-windows-x86_64 | 0.2.8 | 20.00 | 151.00 | 171.00 | OK |
Version: 0.2.8
Check: re-building of vignette outputs
Result: WARN
Error(s) in re-building vignettes:
...
--- re-building ‘introducing_madness.Rnw’ using knitr
Error: processing vignette 'introducing_madness.Rnw' failed with diagnostics:
Running 'texi2dvi' on 'introducing_madness.tex' failed.
LaTeX errors:
! Undefined control sequence.
l.1526 \hlkwd{require}\hldef
{(madness)}
?
! Emergency stop.
! Emergency stop.
l.1526
End of file on the terminal!
! ==> Fatal error occurred, no output PDF file produced!
--- failed re-building ‘introducing_madness.Rnw’
SUMMARY: processing the following file failed:
‘introducing_madness.Rnw’
Error: Vignette re-building failed.
Execution halted
Flavor: r-release-macos-x86_64