Last updated on 2025-01-19 05:49:12 CET.
Flavor | Version | Tinstall | Tcheck | Ttotal | Status | Flags |
---|---|---|---|---|---|---|
r-devel-linux-x86_64-debian-clang | 0.5.0 | 8.12 | 121.07 | 129.19 | OK | |
r-devel-linux-x86_64-debian-gcc | 0.5.0 | 5.52 | 85.85 | 91.37 | OK | |
r-devel-linux-x86_64-fedora-clang | 0.5.0 | 208.71 | OK | |||
r-devel-linux-x86_64-fedora-gcc | 0.5.0 | 225.86 | OK | |||
r-devel-windows-x86_64 | 0.5.0 | 10.00 | 150.00 | 160.00 | OK | |
r-patched-linux-x86_64 | 0.5.0 | 7.45 | 113.47 | 120.92 | OK | |
r-release-linux-x86_64 | 0.5.0 | 6.25 | 112.33 | 118.58 | OK | |
r-release-macos-arm64 | 0.5.0 | 67.00 | OK | |||
r-release-macos-x86_64 | 0.5.0 | 109.00 | ERROR | |||
r-release-windows-x86_64 | 0.5.0 | 10.00 | 164.00 | 174.00 | OK | |
r-oldrel-macos-arm64 | 0.5.0 | 67.00 | OK | |||
r-oldrel-macos-x86_64 | 0.5.0 | 130.00 | ERROR | |||
r-oldrel-windows-x86_64 | 0.5.0 | 12.00 | 164.00 | 176.00 | OK |
Version: 0.5.0
Check: re-building of vignette outputs
Result: ERROR
Error(s) in re-building vignettes:
--- re-building ‘maestro-1-quick-start.Rmd’ using rmarkdown
Pandoc is required to build R Markdown vignettes but not available. Please make sure it is installed.
--- finished re-building ‘maestro-1-quick-start.Rmd’
--- re-building ‘maestro-5-directed-acyclic-graphs.Rmd’ using rmarkdown
Pandoc is required to build R Markdown vignettes but not available. Please make sure it is installed.
Quitting from lines 186-191 [unnamed-chunk-9] (maestro-5-directed-acyclic-graphs.Rmd)
Error: processing vignette 'maestro-5-directed-acyclic-graphs.Rmd' failed with diagnostics:
attempt to apply non-function
--- failed re-building ‘maestro-5-directed-acyclic-graphs.Rmd’
--- re-building ‘maestro-2-motivation-concepts.qmd’ using html
Quarto binary is required to build Quarto vignettes but is not available.
ℹ Please make sure it is installed and found by `find_quarto()`.
--- finished re-building ‘maestro-2-motivation-concepts.qmd’
--- re-building ‘maestro-3-use-cases.qmd’ using html
Quarto binary is required to build Quarto vignettes but is not available.
ℹ Please make sure it is installed and found by `find_quarto()`.
--- finished re-building ‘maestro-3-use-cases.qmd’
--- re-building ‘maestro-4-advanced-scheduling.qmd’ using html
Quarto binary is required to build Quarto vignettes but is not available.
ℹ Please make sure it is installed and found by `find_quarto()`.
--- finished re-building ‘maestro-4-advanced-scheduling.qmd’
--- re-building ‘maestro-6-logging.qmd’ using html
Quarto binary is required to build Quarto vignettes but is not available.
ℹ Please make sure it is installed and found by `find_quarto()`.
--- finished re-building ‘maestro-6-logging.qmd’
SUMMARY: processing the following file failed:
‘maestro-5-directed-acyclic-graphs.Rmd’
Error: Vignette re-building failed.
Execution halted
Flavors: r-release-macos-x86_64, r-oldrel-macos-x86_64