Last updated on 2025-01-19 05:49:12 CET.
Flavor | Version | Tinstall | Tcheck | Ttotal | Status | Flags |
---|---|---|---|---|---|---|
r-devel-linux-x86_64-debian-clang | 6.13.2 | 11.65 | 122.62 | 134.27 | OK | |
r-devel-linux-x86_64-debian-gcc | 6.13.2 | 7.82 | 80.46 | 88.28 | OK | |
r-devel-linux-x86_64-fedora-clang | 6.13.2 | 215.12 | OK | |||
r-devel-linux-x86_64-fedora-gcc | 6.13.2 | 214.40 | OK | |||
r-devel-windows-x86_64 | 6.13.2 | 11.00 | 144.00 | 155.00 | OK | |
r-patched-linux-x86_64 | 6.13.2 | 11.24 | 110.69 | 121.93 | NOTE | |
r-release-linux-x86_64 | 6.13.2 | 8.67 | 111.72 | 120.39 | NOTE | |
r-release-macos-arm64 | 6.13.2 | 58.00 | NOTE | |||
r-release-macos-x86_64 | 6.13.2 | 95.00 | NOTE | |||
r-release-windows-x86_64 | 6.13.2 | 11.00 | 148.00 | 159.00 | NOTE | |
r-oldrel-macos-arm64 | 6.13.2 | 69.00 | NOTE | |||
r-oldrel-macos-x86_64 | 6.13.2 | 202.00 | NOTE | |||
r-oldrel-windows-x86_64 | 6.13.2 | 14.00 | 161.00 | 175.00 | NOTE |
Version: 6.13.2
Check: package dependencies
Result: NOTE
Packages suggested but not available for checking: 'lpjmlkit', 'quitte'
Flavors: r-patched-linux-x86_64, r-release-linux-x86_64, r-release-macos-arm64, r-release-macos-x86_64, r-oldrel-windows-x86_64
Version: 6.13.2
Check: package dependencies
Result: NOTE
Package suggested but not available for checking: 'quitte'
Flavors: r-release-windows-x86_64, r-oldrel-macos-arm64, r-oldrel-macos-x86_64