Last updated on 2025-01-19 05:49:12 CET.
Flavor | Version | Tinstall | Tcheck | Ttotal | Status | Flags |
---|---|---|---|---|---|---|
r-devel-linux-x86_64-debian-clang | 1.2.4 | 230.38 | 113.73 | 344.11 | OK | |
r-devel-linux-x86_64-debian-gcc | 1.2.4 | 175.31 | 80.69 | 256.00 | OK | |
r-devel-linux-x86_64-fedora-clang | 1.2.4 | 668.16 | OK | |||
r-devel-linux-x86_64-fedora-gcc | 1.2.4 | 745.40 | OK | |||
r-devel-windows-x86_64 | 1.2.4 | 237.00 | 172.00 | 409.00 | OK | |
r-patched-linux-x86_64 | 1.2.4 | 248.65 | 104.63 | 353.28 | OK | |
r-release-linux-x86_64 | 1.2.4 | 250.11 | 105.19 | 355.30 | OK | |
r-release-macos-arm64 | 1.2.4 | 159.00 | NOTE | |||
r-release-macos-x86_64 | 1.2.4 | 269.00 | NOTE | |||
r-release-windows-x86_64 | 1.2.4 | 236.00 | 174.00 | 410.00 | OK | |
r-oldrel-macos-arm64 | 1.2.4 | 1252.00 | NOTE | |||
r-oldrel-macos-x86_64 | 1.2.4 | 211.00 | NOTE | |||
r-oldrel-windows-x86_64 | 1.2.4 | 257.00 | 185.00 | 442.00 | OK |
Version: 1.2.4
Check: installed package size
Result: NOTE
installed size is 24.2Mb
sub-directories of 1Mb or more:
libs 22.8Mb
Flavors: r-release-macos-arm64, r-release-macos-x86_64, r-oldrel-macos-arm64, r-oldrel-macos-x86_64